1 = 0. What are the prime factors of m/148 + 1 + (-3)/4?
31
Suppose -6*h = -5806 - 656. List the prime factors of h.
3, 359
Let d(c) = 13*c**3 - 4*c**2 - 5*c - 5. Let z be d(-2). Let s = -106 - z. List the prime factors of s.
3
Let g = 3966 + -1979. What are the prime factors of g?
1987
Let r(a) = -a**3 - 6*a**2 + 3*a - 10. Let g be r(-7). Let h = -8 + g. Suppose -3*w = -0*k + k - 24, k - 4*w - h = 0. List the prime factors of k.
2, 3
Suppose -2*h - 23190 = -32*h. What are the prime factors of h?
773
Let x(f) = -f**2 - f + 1. Let o(n) = n**3 - 9*n**2 + 2*n + 14. Let t(v) = o(v) - 3*x(v). What are the prime factors of t(7)?
5, 19
Suppose 12 = 4*p - 5*l, -2*l - l = -2*p + 6. Suppose 0 = -p*i - 4 + 370. Suppose -4*h + 22 = -i. What are the prime factors of h?
2, 3
Let j(t) = -t**2 + t + 6. Let u be j(3). Suppose -q + u*q = 0. Suppose -2*a = -5*i - 11, 0 = i - q*i + 1. What are the prime factors of a?
3
Let h(m) = 653*m - 305. What are the prime factors of h(2)?
7, 11, 13
Suppose 0 = -5*q + f - 125, -4*q - 2*f - 67 = 47. Let a = q - -77. List the prime factors of a.
3, 17
Suppose 8*r = 3*r - 20, -r = a - 22. Suppose 4*c = 4*s - 196, -c = 3*s - 0*s - 159. Let j = s - a. List the prime factors of j.
2, 13
What are the prime factors of (-1866)/(12/(-2))*1?
311
Suppose 5*d + 3*r = 2605, -3*d - 8*r + 1574 = -4*r. List the prime factors of d.
2, 7, 37
Suppose 3*m - 1911 = -3*g, g - 4*m = -g + 1250. List the prime factors of g.
3, 211
Let i(c) = c**2 - c + 13. Let j be i(0). Suppose -t - 3 + 1 = 0, -o = 4*t - j. Let s = o - 3. List the prime factors of s.
2, 3
Let m(y) = y**3 + y**2 - y + 5. Let l be m(0). Let z be ((-24)/(-5))/(l/(-25)). Let p = -3 - z. What are the prime factors of p?
3, 7
Let q = -56 + 61. List the prime factors of (-5 - (q + -5)) + 227.
2, 3, 37
List the prime factors of (-5752)/10*(-645)/172.
3, 719
Let x = 371 + -109. What are the prime factors of x?
2, 131
Suppose 5*n - 3*g = 1502, n - 5*g - 146 = 172. What are the prime factors of n?
2, 149
Suppose -2*k = -4*y + 26, 5*y = 4*k + 70 - 18. What are the prime factors of ((-2)/6)/(k/1989)?
3, 17
Suppose 10*f + 2332 = 3*v + 12*f, 5*v - 3870 = 5*f. List the prime factors of v.
2, 97
Let k = 2743 - 1798. What are the prime factors of k?
3, 5, 7
Suppose 58 = 2*t - 2*o - 28, 0 = -o - 3. Suppose 5*r = r + t. Let w(l) = 3*l - 5. List the prime factors of w(r).
5
Suppose 0 = -4*y - g + 4013, -4*g - 4033 = -4*y - 9*g. List the prime factors of y.
2, 3, 167
Let y = -3 + -15. Let p be 0 - 9/(y/(-4)). List the prime factors of (-2 - -1)/(p/104).
2, 13
Let i(b) = 2*b - 23 + 6 + 1 + 20*b**2. What are the prime factors of i(-4)?
2, 37
Let d = 3 - 0. Suppose 34 = d*m - 2. Let i = 37 - m. List the prime factors of i.
5
Let j(q) = 2*q**2 - 9*q - 5. Let g be j(5). Suppose 2*l = -0*p + 4*p + 336, g = -2*p. List the prime factors of l.
2, 3, 7
Suppose -26561 = -22*q + 11697. What are the prime factors of q?
37, 47
Suppose 0 = 11*y - 3766 - 9390. What are the prime factors of y?
2, 13, 23
Let v(g) be the second derivative of 1/2*g**2 + 0 + 2*g + 17/6*g**3. List the prime factors of v(1).
2, 3
Let r = -4761 + 9824. List the prime factors of r.
61, 83
Suppose -3*z - 87 = -30. Let y(h) = -6*h - 41. What are the prime factors of y(z)?
73
Let f(p) = 10*p**2 + 26*p + 14. List the prime factors of f(13).
2, 1021
Suppose 3*h - 715 = 4*c - 133, 4*h + 2*c - 798 = 0. List the prime factors of h.
2, 3, 11
Let x be (-1)/(2/(-996)*3). Suppose -96 = -2*p + 4*o, 3*o - x + 13 = -3*p. What are the prime factors of p?
2, 5
List the prime factors of (-35 + 0)*-1*(-1840)/(-50).
2, 7, 23
Suppose 0 = u - 3*r - 9, -3*u + 2*r - 3 = 5. Let j be 14*(u - -4 - -4). Suppose 3*s + 33 = 4*a + 5, -2*s = -4*a + j. What are the prime factors of a?
7
Let x(z) = 5*z**2 + 14*z + 9. Let c be x(-6). Let g be (-2 + c/10)*6. Suppose d - 4*n = g, -2*n + 153 = -2*d + 5*d. What are the prime factors of d?
3, 17
Suppose 6864 = -119*d + 143*d. List the prime factors of d.
2, 11, 13
List the prime factors of 876*((-8)/12)/(-2).
2, 73
Let f(r) = -3*r**3 - 7*r**2 + 11*r + 46. What are the prime factors of f(-8)?
2, 523
Suppose 0 = -5*j + 48 + 2. Suppose 2*f = 32 - j. List the prime factors of f.
11
Let w be ((-72)/2)/2 - -2. Let x = w - -8. What are the prime factors of (-637)/(-28) - 2/x?
23
Let z(u) = -u**3 - 5*u**2 + 5*u + 3. Suppose 20 = 8*m - 3*m. Suppose 16 - 40 = m*p. What are the prime factors of z(p)?
3
Let i = -283 - -424. Let s = i + -30. What are the prime factors of s?
3, 37
Let g = 577 + -107. List the prime factors of g.
2, 5, 47
What are the prime factors of 1/(-1)*(-4965 + -99)?
2, 3, 211
Let u = 1707 + -1177. List the prime factors of u.
2, 5, 53
Let q = 4509 - 2605. List the prime factors of q.
2, 7, 17
Suppose 4*j - 3*l = -1, -4 = j - 3*l + 3. Let w(s) = s**2 - 2. Let t be w(j). Suppose 0 = t*k + 2*g - 24, k - 1 = 3*g + 7. List the prime factors of k.
11
Let z be 2/(-7) + 16/56. Suppose 5*n + 3*q = 44, z = -3*n - q - q + 27. List the prime factors of n.
7
Let v(n) = 31*n**2 - n + 165. List the prime factors of v(-10).
5, 131
Let q be (8/(-12) - (-39)/(-9))*-4. List the prime factors of 18 - 5/q*0.
2, 3
Let a(d) = 5 - 6 - 5 - 6*d. Let l be a(-6). Let o = 44 - l. What are the prime factors of o?
2, 7
Let y(t) = -5 + 1 + 2 + 3 - t. Let s(i) = -i**3 + 15*i**2 - 14*i + 4. Let z(c) = s(c) - 5*y(c). What are the prime factors of z(14)?
3, 23
Let c be (-9)/(-2)*(6 - (-48)/(-9)). What are the prime factors of 129*(c + (-3 - -1))?
3, 43
Suppose -20 = -f - 23. List the prime factors of ((-39)/(-6))/(f/(-6)).
13
Let n be -4 + ((-12)/4)/(-3). Let s = n - -7. Suppose -96 + s = -4*m. What are the prime factors of m?
23
Let l = 281 + 930. What are the prime factors of l?
7, 173
Let m = -471 + 1035. List the prime factors of m.
2, 3, 47
Suppose 2*d + 0*d = 4, 5*x = 3*d - 566. Let r = -73 - x. Suppose 0 = 4*f + 2*n - 42, -r = -4*f + 3*n - 4*n. List the prime factors of f.
3
Let f(m) = 2*m - 42. Let z be f(22). Suppose z*y = 6*y - 256. What are the prime factors of y?
2
Let y = 314 + -164. Let b = y + -4. List the prime factors of b.
2, 73
Suppose -2*a = 3*a. Suppose a = -6*j + 2*j + 224. List the prime factors of j.
2, 7
Let v(g) = -g**3 - 4*g**2 + 5*g + 2. Let d be v(-4). Let n be (-1982)/(-11) - d/(-99). Suppose 0 = -k - 5*k + n. List the prime factors of k.
2, 3, 5
Let q = 610 + 653. What are the prime factors of q?
3, 421
Let u = -47 - -92. List the prime factors of -5*(-6)/u*27.
2, 3
Let k(r) = 24*r**2 + 8*r - 17. What are the prime factors of k(4)?
3, 7, 19
List the prime factors of (-11)/(-44) + (-10341)/(-12).
2, 431
Let i = 10293 + -6433. List the prime factors of i.
2, 5, 193
What are the prime factors of 18*13/78 - (-3 - 2383)?
2389
Let a(o) = -o**3 - 11*o**2 + 15*o - 29. Let u be a(-13). Suppose -r + u = -0*r. What are the prime factors of r?
2, 3, 19
Let r = -71 - -70. Let f(x) = 294*x**2 - 3*x - 1. List the prime factors of f(r).
2, 37
Let j(a) = -7*a**3 + 9*a**2 - 6*a + 2. Let h = -5 + 11. Let n(d) = -13*d**3 + 18*d**2 - 12*d + 3. Let u(g) = h*n(g) - 11*j(g). List the prime factors of u(4).
2, 13
Suppose 0 = -2*r + 3*r + 59. Let t = r + 78. What are the prime factors of t?
19
Let b be 5/2*(-12)/(-15). Let f(j) be the second derivative of 17*j**3/6 - j**2 + 11*j. List the prime factors of f(b).
2
Let a = 112 - 251. Let s = 360 + a. List the prime factors of s.
13, 17
What are the prime factors of (48/120)/(2/2350)?
2, 5, 47
Let i = 49 - 44. Suppose -i*d + 165 = -0. What are the prime factors of d?
3, 11
Let c(y) = -16*y - 43. List the prime factors of c(-3).
5
Suppose 0 = -4*t + 3*j + 61, -6*t = -10*t + 4*j + 60. List the prime factors of t.
2
Suppose 2*h - 15 = -h. Suppose -h*b = 7 - 177. List the prime factors of b.
2, 17
Let a(p) = 1. Let s(l) = 7*l + 3. Let x be (-38)/8 + 6/8. Let n(f) = x*a(f) + s(f). List the prime factors of n(6).
41
Let x(n) be the first derivative of -n**4/4 - 5*n**3/3 + 5*n**2/2 + 3*n + 3. Suppose 0 = -2*a + 6*a + 24. List the prime factors of x(a).
3
Let h = 19 + -19. Suppose x = -5*i + 13, 4*x - 18 = -h*i - 3*i. Suppose 4*p = 2*l + 98, -x*l + 103 = 4*p - 0*p. List the prime factors of p.
5
Let w be -3 + (-2)/((-6)/1119). What are the prime factors of (-1)/(1478/w + -4)?
5, 37
Suppose 0 = 5*v, -v - 9 + 57 =